{"id":1367,"date":"2025-03-25T10:16:38","date_gmt":"2025-03-25T09:16:38","guid":{"rendered":"https:\/\/www.caravansinternational.it\/global\/?page_id=1367"},"modified":"2025-10-08T12:15:09","modified_gmt":"2025-10-08T10:15:09","slug":"user-and-maintenance-manual","status":"publish","type":"page","link":"https:\/\/www.caravansinternational.it\/global\/user-and-maintenance-manual\/","title":{"rendered":"User and Maintenance Manual"},"content":{"rendered":"<h3>Choose your language and download the manual:<\/h3>\n<p>Van &gt;&gt; <a href=\"https:\/\/www.caravansinternational.it\/global\/wp-content\/uploads\/sites\/3\/2025\/09\/VAN.pdf\">VAN<\/a><\/p>\n<p>Motorhome 2025 and 2026 REV.1<\/p>\n<p><a href=\"https:\/\/www.caravansinternational.it\/global\/wp-content\/uploads\/sites\/3\/2025\/03\/BUL-\u0420\u044a\u043a\u043e\u0432\u043e\u0434\u0441\u0442\u0432\u043e-\u0437\u0430-\u0443\u043f\u043e\u0442\u0440\u0435\u0431\u0430-\u0438-\u043f\u043e\u0434\u0434\u0440\u044a\u0436\u043a\u0430.pdf\">BUL-\u0420\u044a\u043a\u043e\u0432\u043e\u0434\u0441\u0442\u0432\u043e \u0437\u0430 \u0443\u043f\u043e\u0442\u0440\u0435\u0431\u0430 \u0438 \u043f\u043e\u0434\u0434\u0440\u044a\u0436\u043a\u0430<\/a><\/p>\n<p><a href=\"https:\/\/www.caravansinternational.it\/global\/wp-content\/uploads\/sites\/3\/2025\/03\/CZE-Navod-k-pouziti-a-udrzbe.pdf\">CZE-N\u00e1vod k pou\u017eit\u00ed a \u00fadr\u017eb\u011b<\/a><\/p>\n<p><a href=\"https:\/\/www.caravansinternational.it\/global\/wp-content\/uploads\/sites\/3\/2025\/03\/DAN-Brugs-og-vedligeholdelsesvejledning.pdf\">DAN-Brugs- og vedligeholdelsesvejledning<\/a><\/p>\n<p><a href=\"https:\/\/www.caravansinternational.it\/global\/wp-content\/uploads\/sites\/3\/2025\/03\/DEU-Betriebs-und-Wartungsanleitung.pdf\">DEU-Betriebs und Wartungsanleitung<\/a><\/p>\n<p><a href=\"https:\/\/www.caravansinternational.it\/global\/wp-content\/uploads\/sites\/3\/2025\/03\/DUT-Gebruiks-en-onderhoudshandleiding.pdf\">DUT-Gebruiks- en onderhoudshandleiding<\/a><\/p>\n<p><a href=\"https:\/\/www.caravansinternational.it\/global\/wp-content\/uploads\/sites\/3\/2025\/03\/ELL-\u0395\u03b3\u03c7\u03b5\u03b9\u03c1\u03af\u03b4\u03b9\u03bf-\u03c7\u03c1\u03ae\u03c3\u03b7\u03c2-\u03ba\u03b1\u03b9-\u03c3\u03c5\u03bd\u03c4\u03ae\u03c1\u03b7\u03c3\u03b7\u03c2.pdf\">ELL-\u0395\u03b3\u03c7\u03b5\u03b9\u03c1\u03af\u03b4\u03b9\u03bf \u03c7\u03c1\u03ae\u03c3\u03b7\u03c2 \u03ba\u03b1\u03b9 \u03c3\u03c5\u03bd\u03c4\u03ae\u03c1\u03b7\u03c3\u03b7\u03c2<\/a><\/p>\n<p><a href=\"https:\/\/www.caravansinternational.it\/global\/wp-content\/uploads\/sites\/3\/2025\/03\/ENG-Use-and-Maintenance-Manual.pdf\">ENG-Use and Maintenance Manual<\/a><\/p>\n<p><a href=\"https:\/\/www.caravansinternational.it\/global\/wp-content\/uploads\/sites\/3\/2025\/03\/ESP-Manual-de-Uso-y-Mantenimiento.pdf\">ESP-Manual de Uso y Mantenimiento<\/a><\/p>\n<p><a href=\"https:\/\/www.caravansinternational.it\/global\/wp-content\/uploads\/sites\/3\/2025\/03\/EST-Kasutus-ja-hooldusjuhend.pdf\">EST-Kasutus- ja hooldusjuhend<\/a><\/p>\n<p><a href=\"https:\/\/www.caravansinternational.it\/global\/wp-content\/uploads\/sites\/3\/2025\/03\/FIN-Kaytto-ja-huolto-opas.pdf\">FIN-K\u00e4ytt\u00f6- ja huolto-opas<\/a><\/p>\n<p><a href=\"https:\/\/www.caravansinternational.it\/global\/wp-content\/uploads\/sites\/3\/2025\/03\/FRA-Manuel-dUtilisation-et-dEntretien.pdf\">FRA-Manuel d\u2019Utilisation et d\u2019Entretien<\/a><\/p>\n<p><a href=\"https:\/\/www.caravansinternational.it\/global\/wp-content\/uploads\/sites\/3\/2025\/03\/HRV-Prirucnik-za-uporabu-i-odrzavanje.pdf\">HRV-Priru\u010dnik za uporabu i odr\u017eavanje<\/a><\/p>\n<p><a href=\"https:\/\/www.caravansinternational.it\/global\/wp-content\/uploads\/sites\/3\/2025\/03\/HUN-Hasznalati-es-karbantartasi-utmutato.pdf\">HUN-Haszn\u00e1lati \u00e9s karbantart\u00e1si \u00fatmutat\u00f3<\/a><\/p>\n<p><a href=\"https:\/\/www.caravansinternational.it\/global\/wp-content\/uploads\/sites\/3\/2025\/03\/ITA-Libretto-Uso-e-Manutenzione.pdf\">ITA-Libretto Uso e Manutenzione<\/a><\/p>\n<p><a href=\"https:\/\/www.caravansinternational.it\/global\/wp-content\/uploads\/sites\/3\/2025\/03\/NLD-Handleiding-voor-gebruik-en-onderhoud.pdf\">NLD-Handleiding voor gebruik en onderhoud<\/a><\/p>\n<p><a href=\"https:\/\/www.caravansinternational.it\/global\/wp-content\/uploads\/sites\/3\/2025\/03\/NOB-Handbok-for-bruk-og-vedlikehold.pdf\">NOB-H\u00e5ndbok for bruk og vedlikehold<\/a><\/p>\n<p><a href=\"https:\/\/www.caravansinternational.it\/global\/wp-content\/uploads\/sites\/3\/2025\/03\/POL-Instrukcja-obslugi-i-konserwacji.pdf\">POL-Instrukcja obs\u0142ugi i konserwacji<\/a><\/p>\n<p><a href=\"https:\/\/www.caravansinternational.it\/global\/wp-content\/uploads\/sites\/3\/2025\/03\/POR-Manual-de-Uso-e-Manutencao.pdf\">POR-Manual de Uso e Manuten\u00e7\u00e3o<\/a><\/p>\n<p><a href=\"https:\/\/www.caravansinternational.it\/global\/wp-content\/uploads\/sites\/3\/2025\/03\/SLK-Navod-na-pouzivanie-a-udrzbu.pdf\">SLK-N\u00e1vod na pou\u017e\u00edvanie a \u00fadr\u017ebu<\/a><\/p>\n<p><a href=\"https:\/\/www.caravansinternational.it\/global\/wp-content\/uploads\/sites\/3\/2025\/03\/SLV-Prirocnik-za-uporabo-in-vzdrzevanje.pdf\">SLV-Priro\u010dnik za uporabo in vzdr\u017eevanje<\/a><\/p>\n<p><a href=\"https:\/\/www.caravansinternational.it\/global\/wp-content\/uploads\/sites\/3\/2025\/03\/SWE-Bruks-och-underhallsmanual.pdf\">SWE-Bruks- och underh\u00e5llsmanual<\/a><\/p>\n","protected":false},"excerpt":{"rendered":"<p>Choose your language and download the manual: Van &gt;&gt; VAN Motorhome 2025 and 2026 REV.1 BUL-\u0420\u044a\u043a\u043e\u0432\u043e\u0434\u0441\u0442\u0432\u043e \u0437\u0430 \u0443\u043f\u043e\u0442\u0440\u0435\u0431\u0430 \u0438 \u043f\u043e\u0434\u0434\u0440\u044a\u0436\u043a\u0430 CZE-N\u00e1vod k pou\u017eit\u00ed a \u00fadr\u017eb\u011b DAN-Brugs- og vedligeholdelsesvejledning DEU-Betriebs und Wartungsanleitung DUT-Gebruiks- en onderhoudshandleiding ELL-\u0395\u03b3\u03c7\u03b5\u03b9\u03c1\u03af\u03b4\u03b9\u03bf \u03c7\u03c1\u03ae\u03c3\u03b7\u03c2 \u03ba\u03b1\u03b9 \u03c3\u03c5\u03bd\u03c4\u03ae\u03c1\u03b7\u03c3\u03b7\u03c2 ENG-Use and Maintenance Manual ESP-Manual de Uso y Mantenimiento EST-Kasutus- ja hooldusjuhend FIN-K\u00e4ytt\u00f6- ja huolto-opas FRA-Manuel d\u2019Utilisation &hellip; <a href=\"https:\/\/www.caravansinternational.it\/global\/user-and-maintenance-manual\/\">Continued<\/a><\/p>\n","protected":false},"author":2,"featured_media":0,"parent":0,"menu_order":0,"comment_status":"closed","ping_status":"closed","template":"","meta":{"_acf_changed":false,"inline_featured_image":false,"footnotes":""},"class_list":["post-1367","page","type-page","status-publish","hentry"],"acf":[],"yoast_head":"<!-- This site is optimized with the Yoast SEO plugin v27.2 - https:\/\/yoast.com\/product\/yoast-seo-wordpress\/ -->\n<title>User and Maintenance Manual - Caravans International GLOBAL<\/title>\n<meta name=\"robots\" content=\"noindex, follow, max-snippet:-1, max-image-preview:large, max-video-preview:-1\" \/>\n<meta property=\"og:locale\" content=\"en_US\" \/>\n<meta property=\"og:type\" content=\"article\" \/>\n<meta property=\"og:title\" content=\"User and Maintenance Manual - Caravans International GLOBAL\" \/>\n<meta property=\"og:description\" content=\"Choose your language and download the manual: Van &gt;&gt; VAN Motorhome 2025 and 2026 REV.1 BUL-\u0420\u044a\u043a\u043e\u0432\u043e\u0434\u0441\u0442\u0432\u043e \u0437\u0430 \u0443\u043f\u043e\u0442\u0440\u0435\u0431\u0430 \u0438 \u043f\u043e\u0434\u0434\u0440\u044a\u0436\u043a\u0430 CZE-N\u00e1vod k pou\u017eit\u00ed a \u00fadr\u017eb\u011b DAN-Brugs- og vedligeholdelsesvejledning DEU-Betriebs und Wartungsanleitung DUT-Gebruiks- en onderhoudshandleiding ELL-\u0395\u03b3\u03c7\u03b5\u03b9\u03c1\u03af\u03b4\u03b9\u03bf \u03c7\u03c1\u03ae\u03c3\u03b7\u03c2 \u03ba\u03b1\u03b9 \u03c3\u03c5\u03bd\u03c4\u03ae\u03c1\u03b7\u03c3\u03b7\u03c2 ENG-Use and Maintenance Manual ESP-Manual de Uso y Mantenimiento EST-Kasutus- ja hooldusjuhend FIN-K\u00e4ytt\u00f6- ja huolto-opas FRA-Manuel d\u2019Utilisation &hellip; Continued\" \/>\n<meta property=\"og:url\" content=\"https:\/\/www.caravansinternational.it\/global\/user-and-maintenance-manual\/\" \/>\n<meta property=\"og:site_name\" content=\"Caravans International GLOBAL\" \/>\n<meta property=\"article:modified_time\" content=\"2025-10-08T10:15:09+00:00\" \/>\n<meta name=\"twitter:card\" content=\"summary_large_image\" \/>\n<meta name=\"twitter:label1\" content=\"Est. reading time\" \/>\n\t<meta name=\"twitter:data1\" content=\"1 minute\" \/>\n<script type=\"application\/ld+json\" class=\"yoast-schema-graph\">{\"@context\":\"https:\/\/schema.org\",\"@graph\":[{\"@type\":\"WebPage\",\"@id\":\"https:\/\/www.caravansinternational.it\/global\/user-and-maintenance-manual\/\",\"url\":\"https:\/\/www.caravansinternational.it\/global\/user-and-maintenance-manual\/\",\"name\":\"User and Maintenance Manual - Caravans International GLOBAL\",\"isPartOf\":{\"@id\":\"https:\/\/www.caravansinternational.it\/global\/#website\"},\"datePublished\":\"2025-03-25T09:16:38+00:00\",\"dateModified\":\"2025-10-08T10:15:09+00:00\",\"breadcrumb\":{\"@id\":\"https:\/\/www.caravansinternational.it\/global\/user-and-maintenance-manual\/#breadcrumb\"},\"inLanguage\":\"en-US\",\"potentialAction\":[{\"@type\":\"ReadAction\",\"target\":[\"https:\/\/www.caravansinternational.it\/global\/user-and-maintenance-manual\/\"]}]},{\"@type\":\"BreadcrumbList\",\"@id\":\"https:\/\/www.caravansinternational.it\/global\/user-and-maintenance-manual\/#breadcrumb\",\"itemListElement\":[{\"@type\":\"ListItem\",\"position\":1,\"name\":\"Home\",\"item\":\"https:\/\/www.caravansinternational.it\/global\/\"},{\"@type\":\"ListItem\",\"position\":2,\"name\":\"User and Maintenance Manual\"}]},{\"@type\":\"WebSite\",\"@id\":\"https:\/\/www.caravansinternational.it\/global\/#website\",\"url\":\"https:\/\/www.caravansinternational.it\/global\/\",\"name\":\"Caravans International GLOBAL\",\"description\":\"\",\"potentialAction\":[{\"@type\":\"SearchAction\",\"target\":{\"@type\":\"EntryPoint\",\"urlTemplate\":\"https:\/\/www.caravansinternational.it\/global\/?s={search_term_string}\"},\"query-input\":{\"@type\":\"PropertyValueSpecification\",\"valueRequired\":true,\"valueName\":\"search_term_string\"}}],\"inLanguage\":\"en-US\"}]}<\/script>\n<!-- \/ Yoast SEO plugin. -->","yoast_head_json":{"title":"User and Maintenance Manual - Caravans International GLOBAL","robots":{"index":"noindex","follow":"follow","max-snippet":"max-snippet:-1","max-image-preview":"max-image-preview:large","max-video-preview":"max-video-preview:-1"},"og_locale":"en_US","og_type":"article","og_title":"User and Maintenance Manual - Caravans International GLOBAL","og_description":"Choose your language and download the manual: Van &gt;&gt; VAN Motorhome 2025 and 2026 REV.1 BUL-\u0420\u044a\u043a\u043e\u0432\u043e\u0434\u0441\u0442\u0432\u043e \u0437\u0430 \u0443\u043f\u043e\u0442\u0440\u0435\u0431\u0430 \u0438 \u043f\u043e\u0434\u0434\u0440\u044a\u0436\u043a\u0430 CZE-N\u00e1vod k pou\u017eit\u00ed a \u00fadr\u017eb\u011b DAN-Brugs- og vedligeholdelsesvejledning DEU-Betriebs und Wartungsanleitung DUT-Gebruiks- en onderhoudshandleiding ELL-\u0395\u03b3\u03c7\u03b5\u03b9\u03c1\u03af\u03b4\u03b9\u03bf \u03c7\u03c1\u03ae\u03c3\u03b7\u03c2 \u03ba\u03b1\u03b9 \u03c3\u03c5\u03bd\u03c4\u03ae\u03c1\u03b7\u03c3\u03b7\u03c2 ENG-Use and Maintenance Manual ESP-Manual de Uso y Mantenimiento EST-Kasutus- ja hooldusjuhend FIN-K\u00e4ytt\u00f6- ja huolto-opas FRA-Manuel d\u2019Utilisation &hellip; Continued","og_url":"https:\/\/www.caravansinternational.it\/global\/user-and-maintenance-manual\/","og_site_name":"Caravans International GLOBAL","article_modified_time":"2025-10-08T10:15:09+00:00","twitter_card":"summary_large_image","twitter_misc":{"Est. reading time":"1 minute"},"schema":{"@context":"https:\/\/schema.org","@graph":[{"@type":"WebPage","@id":"https:\/\/www.caravansinternational.it\/global\/user-and-maintenance-manual\/","url":"https:\/\/www.caravansinternational.it\/global\/user-and-maintenance-manual\/","name":"User and Maintenance Manual - Caravans International GLOBAL","isPartOf":{"@id":"https:\/\/www.caravansinternational.it\/global\/#website"},"datePublished":"2025-03-25T09:16:38+00:00","dateModified":"2025-10-08T10:15:09+00:00","breadcrumb":{"@id":"https:\/\/www.caravansinternational.it\/global\/user-and-maintenance-manual\/#breadcrumb"},"inLanguage":"en-US","potentialAction":[{"@type":"ReadAction","target":["https:\/\/www.caravansinternational.it\/global\/user-and-maintenance-manual\/"]}]},{"@type":"BreadcrumbList","@id":"https:\/\/www.caravansinternational.it\/global\/user-and-maintenance-manual\/#breadcrumb","itemListElement":[{"@type":"ListItem","position":1,"name":"Home","item":"https:\/\/www.caravansinternational.it\/global\/"},{"@type":"ListItem","position":2,"name":"User and Maintenance Manual"}]},{"@type":"WebSite","@id":"https:\/\/www.caravansinternational.it\/global\/#website","url":"https:\/\/www.caravansinternational.it\/global\/","name":"Caravans International GLOBAL","description":"","potentialAction":[{"@type":"SearchAction","target":{"@type":"EntryPoint","urlTemplate":"https:\/\/www.caravansinternational.it\/global\/?s={search_term_string}"},"query-input":{"@type":"PropertyValueSpecification","valueRequired":true,"valueName":"search_term_string"}}],"inLanguage":"en-US"}]}},"_links":{"self":[{"href":"https:\/\/www.caravansinternational.it\/global\/wp-json\/wp\/v2\/pages\/1367","targetHints":{"allow":["GET"]}}],"collection":[{"href":"https:\/\/www.caravansinternational.it\/global\/wp-json\/wp\/v2\/pages"}],"about":[{"href":"https:\/\/www.caravansinternational.it\/global\/wp-json\/wp\/v2\/types\/page"}],"author":[{"embeddable":true,"href":"https:\/\/www.caravansinternational.it\/global\/wp-json\/wp\/v2\/users\/2"}],"replies":[{"embeddable":true,"href":"https:\/\/www.caravansinternational.it\/global\/wp-json\/wp\/v2\/comments?post=1367"}],"version-history":[{"count":4,"href":"https:\/\/www.caravansinternational.it\/global\/wp-json\/wp\/v2\/pages\/1367\/revisions"}],"predecessor-version":[{"id":2770,"href":"https:\/\/www.caravansinternational.it\/global\/wp-json\/wp\/v2\/pages\/1367\/revisions\/2770"}],"wp:attachment":[{"href":"https:\/\/www.caravansinternational.it\/global\/wp-json\/wp\/v2\/media?parent=1367"}],"curies":[{"name":"wp","href":"https:\/\/api.w.org\/{rel}","templated":true}]}}